ultiple of 438?
True
Does 6 divide 1220982?
True
Is 48595 a multiple of 5?
True
Does 2 divide 4612448?
True
Is 71 a factor of 35055?
False
Is 1820663 a multiple of 13?
True
Is 31 a factor of 9517?
True
Is 163 a factor of 47922?
True
Is 43 a factor of 692150?
False
Does 45 divide 275605?
False
Does 58 divide 504660?
False
Is 402920 a multiple of 50?
False
Does 4 divide 243118?
False
Is 283 a factor of 1712433?
True
Is 321 a factor of 4274436?
True
Is 527641 a multiple of 114?
False
Does 43 divide 4354911?
True
Is 7460 a multiple of 19?
False
Is 51 a factor of 27399?
False
Is 22797 a multiple of 17?
True
Is 2980796 a multiple of 988?
True
Does 168 divide 308900?
False
Is 46221 a multiple of 109?
False
Does 458 divide 1746812?
True
Is 7 a factor of 22431?
False
Is 78 a factor of 10645752?
True
Does 50 divide 39524?
False
Is 263304 a multiple of 216?
True
Is 42543 a multiple of 10?
False
Is 4291573 a multiple of 75?
False
Does 14 divide 706450?
False
Is 9660016 a multiple of 58?
True
Does 57 divide 73302?
True
Is 5433123 a multiple of 1142?
False
Is 96156 a multiple of 12?
True
Is 419 a factor of 687607?
False
Is 164 a factor of 47232?
True
Is 26299 a multiple of 7?
True
Is 273 a factor of 2309307?
True
Is 7108748 a multiple of 46?
True
Is 909560 a multiple of 5?
True
Is 1505 a multiple of 2?
False
Does 129 divide 2521176?
True
Does 17 divide 31698?
False
Does 80 divide 705281?
False
Is 1417814 a multiple of 9?
False
Does 17 divide 163091?
False
Is 20 a factor of 109400?
True
Is 69066 a multiple of 44?
False
Does 691 divide 30872?
False
Is 192147 a multiple of 168?
False
Is 16 a factor of 2691422?
False
Does 211 divide 13715?
True
Is 797791 a multiple of 211?
True
Is 3646005 a multiple of 95?
True
Is 140 a factor of 1527400?
True
Does 19 divide 2971448?
True
Is 874333 a multiple of 157?
True
Does 161 divide 1896996?
False
Is 46 a factor of 164680?
True
Is 27 a factor of 145989?
True
Is 14 a factor of 161560?
True
Does 17 divide 1882104?
True
Is 130 a factor of 12864930?
True
Does 8 divide 96160?
True
Does 18 divide 867456?
True
Does 761 divide 2738126?
False
Does 173 divide 27590559?
True
Does 13 divide 297794?
False
Does 96 divide 165194?
False
Is 115 a factor of 1091350?
True
Does 17 divide 6928367?
True
Is 28 a factor of 117309?
False
Does 9 divide 17599?
False
Is 704761 a multiple of 11?
False
Is 287 a factor of 92701?
True
Is 102 a factor of 54570?
True
Is 5702762 a multiple of 26?
True
Is 5 a factor of 383221?
False
Is 96160 a multiple of 58?
False
Does 475 divide 215650?
True
Is 4 a factor of 364658?
False
Is 18838378 a multiple of 10?
False
Does 281 divide 4188867?
True
Is 136431 a multiple of 161?
False
Is 1358090 a multiple of 66?
False
Does 51 divide 17152242?
False
Is 646 a factor of 28763081?
False
Is 156 a factor of 3201500?
False
Does 178 divide 328054?
True
Is 75847 a multiple of 99?
False
Is 226483 a multiple of 19?
False
Is 730474 a multiple of 893?
True
Is 3532721 a multiple of 332?
False
Does 79 divide 490083?
False
Does 1437 divide 259993?
False
Does 15 divide 3103060?
False
Is 26 a factor of 692611?
False
Is 16 a factor of 438262?
False
Is 139 a factor of 1145082?
True
Is 24 a factor of 3702171?
False
Does 29 divide 9711375?
True
Does 67 divide 730518?
False
Is 339851 a multiple of 15?
False
Is 630191 a multiple of 61?
True
Is 144 a factor of 169200?
True
Does 217 divide 2051885?
False
Is 343181 a multiple of 23?
False
Does 162 divide 927450?
True
Is 1418102 a multiple of 26?
False
Is 471128 a multiple of 8?
True
Is 1294095 a multiple of 338?
False
Is 2492244 a multiple of 7?
False
Does 7 divide 45283?
True
Is 282 a factor of 124926?
True
Does 15 divide 3073011?
False
Is 4799349 a multiple of 158?
False
Is 272041 a multiple of 19?
False
Is 95 a factor of 13774430?
True
Does 10 divide 3750930?
True
Is 504660 a multiple of 4?
True
Is 234 a factor of 411561?
False
Is 4 a factor of 447839?
False
Does 73 divide 2910802?
True
Is 88 a factor of 918368?
True
Does 4 divide 5431?
False
Is 90537 a multiple of 31?
False
Is 100 a factor of 904883?
False
Does 49 divide 582120?
True
Is 13 a factor of 632441?
False
Is 6 a factor of 180810?
True
Is 129 a factor of 407520?
False
Is 40 a factor of 696857?
False
Does 428 divide 21506?
False
Does 1241 divide 3883720?
False
Does 2 divide 248175?
False
Is 5253 a multiple of 2?
False
Is 87 a factor of 784010?
False
Does 348 divide 240816?
True
Is 25 a factor of 16725?
True
Is 80788 a multiple of 156?
False
Does 237 divide 986396?
False
Is 208 a factor of 245830?
False
Is 7 a factor of 297378?
False
Does 292 divide 85556?
True
Is 1448664 a multiple of 8?
True
Does 7 divide 1600948?
False
Is 2247054 a multiple of 13?
False
Is 11 a factor of 15312?
True
Is 141 a factor of 24559?
False
Does 23 divide 13992637?
False
Is 125630 a multiple of 34?
True
Is 97 a factor of 227077?
True
Is 101 a factor of 1940721?
False
Is 361914 a multiple of 49?
True
Is 25377 a multiple of 11?
True
Is 24 a factor of 79512?
True
Is 9 a factor of 2191957?
False
Is 35 a factor of 139860?
True
Does 308 divide 4960755?
False
Is 126434 a multiple of 13?
False
Is 502 a factor of 1315227?
False
Is 1979204 a multiple of 172?
True
Is 436392 a multiple of 522?
True
Is 525681 a multiple of 117?
True
Does 7 divide 523801?
False
Is 491040 a multiple of 48?
True
Is 4711042 a multiple of 7?
True
Does 27 divide 8298151?
False
Is 5 a factor of 17158?
False
Does 31 divide 93717?
False
Does 46 divide 862466?
False
Is 26 a factor of 49036?
True
Is 46 a factor of 2388642?
True
Is 122 a factor of 4969222?
False
Is 1922428 a multiple of 44?
False
Is 2498808 a multiple of 104?
True
Is 71 a factor of 15008?
False
Is 2412022 a multiple of 155?
False
Is 280 a factor of 278040?
True
Does 8 divide 336878?
False
Is 10 a factor of 59449?
False
Is 427599 a multiple of 27?
True
Is 77 a factor of 216293?
True
Does 6 divide 151047?
False
Is 11846 a multiple of 76?
False
Is 19 a factor of 26486?
True
Is 133831 a multiple of 30?
False
Is 12 a factor of 1997957?
False
Does 37 divide 45288?
True
Is 17727 a multiple of 33?
False
Does 1309 divide 318087?
True
Does 83 divide 231155?
True
Is 120 a factor of 128280?
True
Is 18 a factor of 4194?
True
Is 889796 a multiple of 7?
False
Is 206121 a multiple of 381?
True
Is 48762 a multiple of 9?
True
Does 17 divide 390337?
True
Is 43220 a multiple of 11?
False
Is 3287028 a multiple of 12?
True
Does 61 divide 3391417?
True
Does 4 divide 3035563?
False
Is 3 a factor of 471102?
True
Is 48320 a multiple of 64?
True
Does 492 divide 79240?
False
Is 15 a factor of 169062?
False
Does 7 divide 15575?
True
Does 17 divide 370482?
False
Is 5493350 a multiple of 362?
True
Is 1353725 a multiple of 173?
True
Is 5 a factor of 126285?
True
Is 9 a factor of 158184?
True
Is 131 a factor of 101250?
False
Does 425 divide 2239325?
True
Is 7 a factor of 17199?
True
Is 15 a factor of 1804635?
True
Is 1451891 a multiple of 12?
False
Is 4 a factor of 606885?
False
Is 123200 a multiple of 56?
True
Is 805 a factor of 333270?
True
Does 200 divide 177200?
True
Does 649 divide 3431912?
True
Is 20 a factor of 921539?
False
Does 4 divide 282816?
True
Is 240 a factor of 14512?
False
Is 26 a factor of 1614652?
True
Does 49 divide 24789?
False
Is 24 a factor of 2232737?
False
Does 19 divide 1273608?
True
Is 14 a factor of 67814?
False
Is 68 a factor of 20196?
True
Is 14203115 a multiple of 6?
False
Is 36 a factor of 736701?
False
Does 10 divide 36400?
True
Is 53364 a multiple of 36?
False
Does 20 divide 1433791?
False
Does 31 divide 2245799?
False
Is 628153 a multiple of 31?
True
Does 18 divide 1300338?
True
Does 50 divide 44793?
False
Is 304173 a multiple of 87?
False
Is 84 a factor of 447609?
False
Does 390 divide 1398648?
False
Is 13516710 a multiple of 38?
False
Does 48 divide 15533?
False
Does 11 divide 104995?
True
Does 5 divide 98450?
True
Is 43 a factor of 667747?
True
Is 3289347 a multiple of 51?
True
Does 200 divide 235549?
False
Is 187824 a multiple of 8?
True
Is 271 a factor of 799729?
False
Is 627 a factor of 989406?
True
Does 100 divide 3790946?
False
Is 4068438 a multiple of 22?
True
Does 29 divide 2192134?
False
Is 69324 a multiple of 99?
False
Is 637 a factor of 8917363?
True
Is 53 a factor of 21624?
True
Does 941 divide 589458?
False
Is 